{"id":83,"date":"2022-09-05T15:26:38","date_gmt":"2022-09-05T13:26:38","guid":{"rendered":"http:\/\/aubertin.fr\/?page_id=83"},"modified":"2025-06-10T22:04:54","modified_gmt":"2025-06-10T20:04:54","slug":"salles-communales","status":"publish","type":"page","link":"https:\/\/aubertin.fr\/index.php\/vie-pratique\/salles-communales\/","title":{"rendered":"Salles communales"},"content":{"rendered":"\n<p>Deux salles sont mises \u00e0 disposition des Associations, des Aubertinois et des ext\u00e9rieurs<\/p>\n\n\n\n<p>Les tarifs de location sont fix\u00e9s par d\u00e9lib\u00e9ration du Conseil municipal. Le tarif appliqu\u00e9 est celui en vigueur au jour de l\u2019occupation. <\/p>\n\n\n\n<p><strong><mark style=\"background-color:rgba(0, 0, 0, 0)\" class=\"has-inline-color has-luminous-vivid-amber-color\">Salle moyenne<\/mark><\/strong><\/p>\n\n\n\n<p>Nombre de personnes&nbsp;: 30 personnes<br>Tarifs<\/p>\n\n\n\n<p><mark style=\"background-color:rgba(0, 0, 0, 0)\" class=\"has-inline-color has-luminous-vivid-orange-color\"><strong>Grande salle<\/strong><\/mark><\/p>\n\n\n\n<p>Nombre de personnes&nbsp;: 180 personnes<br>Tarifs<\/p>\n\n\n\n<figure class=\"wp-block-image size-full\"><img loading=\"lazy\" decoding=\"async\" width=\"870\" height=\"405\" src=\"https:\/\/aubertin.fr\/wp-content\/uploads\/2025\/06\/Classeur1_page-0001-1.jpg\" alt=\"\" class=\"wp-image-3472\" srcset=\"https:\/\/aubertin.fr\/wp-content\/uploads\/2025\/06\/Classeur1_page-0001-1.jpg 870w, https:\/\/aubertin.fr\/wp-content\/uploads\/2025\/06\/Classeur1_page-0001-1-300x140.jpg 300w, https:\/\/aubertin.fr\/wp-content\/uploads\/2025\/06\/Classeur1_page-0001-1-768x358.jpg 768w, https:\/\/aubertin.fr\/wp-content\/uploads\/2025\/06\/Classeur1_page-0001-1-555x258.jpg 555w\" sizes=\"auto, (max-width: 870px) 100vw, 870px\" \/><\/figure>\n\n\n\n<p><strong><u><mark style=\"background-color:rgba(0, 0, 0, 0)\" class=\"has-inline-color has-luminous-vivid-amber-color\">Documents \u00e0 fournir \u00e0 la r\u00e9servation :<\/mark><\/u><\/strong><\/p>\n\n\n\n<p>-la convention de location \u00e0 demander \u00e0 la Mairie en r\u00e9servant<\/p>\n\n\n\n<p>&#8211; une attestation d\u2019assurance responsabilit\u00e9 civile et dommages aux biens (garantie pour les locations temporaires en pr\u00e9cisant l\u2019adresse exacte de la salle et les jours de location)<\/p>\n\n\n\n<p>&#8211; les ch\u00e8ques de location et de caution \u00e0 l&rsquo;ordre du tr\u00e9sor Public<\/p>\n","protected":false},"excerpt":{"rendered":"<p>Deux salles sont mises \u00e0 disposition des Associations, des Aubertinois et des ext\u00e9rieurs Les tarifs de location sont fix\u00e9s par d\u00e9lib\u00e9ration du Conseil municipal. Le tarif appliqu\u00e9 est celui en vigueur au jour de l\u2019occupation. Salle moyenne Nombre de personnes&nbsp;: 30 personnesTarifs Grande salle Nombre de personnes&nbsp;: 180 personnesTarifs Documents \u00e0 fournir \u00e0 la r\u00e9servation &hellip; <\/p>\n<p><a class=\"more-link btn\" href=\"https:\/\/aubertin.fr\/index.php\/vie-pratique\/salles-communales\/\">Lire la suite<\/a><\/p>\n","protected":false},"author":3,"featured_media":0,"parent":22,"menu_order":0,"comment_status":"closed","ping_status":"closed","template":"","meta":{"footnotes":""},"class_list":["post-83","page","type-page","status-publish","hentry","nodate","item-wrap"],"_links":{"self":[{"href":"https:\/\/aubertin.fr\/index.php\/wp-json\/wp\/v2\/pages\/83","targetHints":{"allow":["GET"]}}],"collection":[{"href":"https:\/\/aubertin.fr\/index.php\/wp-json\/wp\/v2\/pages"}],"about":[{"href":"https:\/\/aubertin.fr\/index.php\/wp-json\/wp\/v2\/types\/page"}],"author":[{"embeddable":true,"href":"https:\/\/aubertin.fr\/index.php\/wp-json\/wp\/v2\/users\/3"}],"replies":[{"embeddable":true,"href":"https:\/\/aubertin.fr\/index.php\/wp-json\/wp\/v2\/comments?post=83"}],"version-history":[{"count":7,"href":"https:\/\/aubertin.fr\/index.php\/wp-json\/wp\/v2\/pages\/83\/revisions"}],"predecessor-version":[{"id":3473,"href":"https:\/\/aubertin.fr\/index.php\/wp-json\/wp\/v2\/pages\/83\/revisions\/3473"}],"up":[{"embeddable":true,"href":"https:\/\/aubertin.fr\/index.php\/wp-json\/wp\/v2\/pages\/22"}],"wp:attachment":[{"href":"https:\/\/aubertin.fr\/index.php\/wp-json\/wp\/v2\/media?parent=83"}],"curies":[{"name":"wp","href":"https:\/\/api.w.org\/{rel}","templated":true}]}}

<p>Deux salles sont mises à disposition des Associations, des Aubertinois et des extérieurs</p>



<p>Les tarifs de location sont fixés par délibération du Conseil municipal. Le tarif appliqué est celui en vigueur au jour de l’occupation. </p>



<p><strong><mark style="background-color:rgba(0, 0, 0, 0)" class="has-inline-color has-luminous-vivid-amber-color">Salle moyenne</mark></strong></p>



<p>Nombre de personnes&nbsp;: 30 personnes<br>Tarifs</p>



<p><mark style="background-color:rgba(0, 0, 0, 0)" class="has-inline-color has-luminous-vivid-orange-color"><strong>Grande salle</strong></mark></p>



<p>Nombre de personnes&nbsp;: 180 personnes<br>Tarifs</p>



<figure class="wp-block-image size-full"><img loading="lazy" decoding="async" width="870" height="405" src="https://aubertin.fr/wp-content/uploads/2025/06/Classeur1_page-0001-1.jpg" alt="" class="wp-image-3472" srcset="https://aubertin.fr/wp-content/uploads/2025/06/Classeur1_page-0001-1.jpg 870w, https://aubertin.fr/wp-content/uploads/2025/06/Classeur1_page-0001-1-300x140.jpg 300w, https://aubertin.fr/wp-content/uploads/2025/06/Classeur1_page-0001-1-768x358.jpg 768w, https://aubertin.fr/wp-content/uploads/2025/06/Classeur1_page-0001-1-555x258.jpg 555w" sizes="auto, (max-width: 870px) 100vw, 870px" /></figure>



<p><strong><u><mark style="background-color:rgba(0, 0, 0, 0)" class="has-inline-color has-luminous-vivid-amber-color">Documents à fournir à la réservation :</mark></u></strong></p>



<p>-la convention de location à demander à la Mairie en réservant</p>



<p>&#8211; une attestation d’assurance responsabilité civile et dommages aux biens (garantie pour les locations temporaires en précisant l’adresse exacte de la salle et les jours de location)</p>



<p>&#8211; les chèques de location et de caution à l&rsquo;ordre du trésor Public</p>

<p>Deux salles sont mises à disposition des Associations, des Aubertinois et des extérieurs Les tarifs de location sont fixés par délibération du Conseil municipal. Le tarif appliqué est celui en vigueur au jour de l’occupation. Salle moyenne Nombre de personnes&nbsp;: 30 personnesTarifs Grande salle Nombre de personnes&nbsp;: 180 personnesTarifs Documents à fournir à la réservation &hellip; </p>
<p><a class="more-link btn" href="https://aubertin.fr/index.php/vie-pratique/salles-communales/">Lire la suite</a></p>
