{"id":90,"date":"2022-09-05T15:31:47","date_gmt":"2022-09-05T13:31:47","guid":{"rendered":"http:\/\/aubertin.fr\/?page_id=90"},"modified":"2023-11-06T10:00:45","modified_gmt":"2023-11-06T09:00:45","slug":"lecole","status":"publish","type":"page","link":"https:\/\/aubertin.fr\/index.php\/vie-pratique\/lecole\/","title":{"rendered":"L&rsquo;\u00e9cole"},"content":{"rendered":"\n<p>Aubertin poss\u00e8de une \u00e9cole  primaire. Depuis 2018, elle fait partie d&rsquo;un RPI (Regroupement P\u00e9dagogique Intercommunale) avec la commune voisine de Saint Faust.<\/p>\n\n\n\n<p>Les classes d&rsquo;Aubertin sont les maternelles petite section, moyenne section, grande section et le CP.  La commune de Saint Faust accueille les classes de CE1, CE2, CM1 et CM2.<\/p>\n\n\n\n<p>Un transport (navette) est organis\u00e9 entre les deux \u00e9coles, le matin et le soir avec un agent communal qui accompagne les enfants dans le bus.<\/p>\n\n\n\n<h4 class=\"wp-block-heading\"><strong><mark style=\"background-color:rgba(0, 0, 0, 0)\" class=\"has-inline-color has-luminous-vivid-orange-color\">L&rsquo;entr\u00e9e d&rsquo;un enfant<\/mark><\/strong><\/h4>\n\n\n\n<p>L&rsquo;inscription d&rsquo;un enfant \u00e0 l&rsquo;\u00e9cole s&rsquo;effectue de la mani\u00e8re suivante :<\/p>\n\n\n\n<ul class=\"wp-block-list\">\n<li>L&rsquo;inscription se fait \u00e0 la mairie (copie du livret de famille, justificatif de domicile et RIB)<\/li>\n\n\n\n<li>L&rsquo;admission se fait \u00e0 l&rsquo;\u00e9cole, un dossier sp\u00e9cifique est remis par le Directeur d&rsquo;\u00e9cole<\/li>\n<\/ul>\n\n\n\n<h4 class=\"wp-block-heading\"><mark style=\"background-color:rgba(0, 0, 0, 0)\" class=\"has-inline-color has-luminous-vivid-orange-color\">Les horaires de l&rsquo;\u00e9cole<\/mark><\/h4>\n\n\n\n<ul class=\"wp-block-list\">\n<li>Lundi : 9h &#8211; 12h &#8211; 13h30-16h30<\/li>\n\n\n\n<li>Mardi : 9h &#8211; 12h &#8211; 13h30-16h30<\/li>\n\n\n\n<li>Jeudi : 9h &#8211; 12h &#8211; 13h30-16h30<\/li>\n\n\n\n<li>Vendredi : 9h &#8211; 12h &#8211; 13h30-16h30<\/li>\n<\/ul>\n\n\n\n<p><\/p>\n\n\n\n<h4 class=\"wp-block-heading\"><mark style=\"background-color:rgba(0, 0, 0, 0)\" class=\"has-inline-color has-luminous-vivid-orange-color\">La garderie<\/mark><\/h4>\n\n\n\n<p>Horaires : de 7h30 \u2013 8h35 et 16h30 \u2013 18h30 le lundi, mardi, jeudi, vendredi<\/p>\n\n\n\n<p>Tarif : La participation financi\u00e8re des parents est gratuite le matin et \u00e0 <mark style=\"background-color:rgba(0, 0, 0, 0)\" class=\"has-inline-color has-vivid-cyan-blue-color\"> 1,3 \u20ac le soir par enfant. <\/mark><\/p>\n\n\n\n<h4 class=\"wp-block-heading\"><mark style=\"background-color:rgba(0, 0, 0, 0)\" class=\"has-inline-color has-luminous-vivid-orange-color\">La cantine<\/mark><\/h4>\n\n\n\n<p>La Mairie d&rsquo;Aubertin g\u00e8re la cantine scolaire de votre enfant.<br>Tout cas particulier doit imp\u00e9rativement \u00eatre signal\u00e9 lors de l\u2019inscription (R\u00e9gimes alimentaires particuliers, allergies, probl\u00e8mes de sant\u00e9).<br>Les repas sont fait sur place par une employ\u00e9e communale. <\/p>\n\n\n\n<p><strong><mark style=\"background-color:rgba(0, 0, 0, 0)\" class=\"has-inline-color has-vivid-cyan-blue-color\">Tarif :  3.70 \u20ac le repas par enfant<\/mark><\/strong><\/p>\n\n\n<div class=\"wp-block-image is-style-default\">\n<figure class=\"aligncenter size-full\"><img loading=\"lazy\" decoding=\"async\" width=\"343\" height=\"228\" src=\"http:\/\/aubertin.fr\/wp-content\/uploads\/2022\/09\/Cantine.png\" alt=\"\" class=\"wp-image-252\" srcset=\"https:\/\/aubertin.fr\/wp-content\/uploads\/2022\/09\/Cantine.png 343w, https:\/\/aubertin.fr\/wp-content\/uploads\/2022\/09\/Cantine-300x199.png 300w\" sizes=\"auto, (max-width: 343px) 100vw, 343px\" \/><\/figure>\n<\/div>\n\n\n<p><a href=\"http:\/\/aubertin.fr\/wp-content\/uploads\/2023\/11\/repas-cantine-novembre.pdf\">Menu novembre<\/a><\/p>\n\n\n\n<h3 class=\"wp-block-heading\"><mark style=\"background-color:rgba(0, 0, 0, 0)\" class=\"has-inline-color has-luminous-vivid-orange-color\">Contact<\/mark><\/h3>\n\n\n\n<div class=\"wp-block-group is-vertical is-layout-flex wp-container-core-group-is-layout-8cf370e7 wp-block-group-is-layout-flex\">\n<p>Ecole d&rsquo;Aubertin<\/p>\n\n\n\n<p>170 chemin de l&rsquo;\u00e9cole<\/p>\n\n\n\n<p>64290 Aubertin<\/p>\n\n\n\n<p>05 59 82 71 06<\/p>\n\n\n\n<div class=\"wp-block-group\"><div class=\"wp-block-group__inner-container is-layout-flow wp-block-group-is-layout-flow\">\n<p>ce.0640502y@ac-bordeaux.fr<\/p>\n<\/div><\/div>\n<\/div>\n\n\n\n<p><\/p>\n","protected":false},"excerpt":{"rendered":"<p>Aubertin poss\u00e8de une \u00e9cole primaire. Depuis 2018, elle fait partie d&rsquo;un RPI (Regroupement P\u00e9dagogique Intercommunale) avec la commune voisine de Saint Faust. Les classes d&rsquo;Aubertin sont les maternelles petite section, moyenne section, grande section et le CP. La commune de Saint Faust accueille les classes de CE1, CE2, CM1 et CM2. Un transport (navette) est &hellip; <\/p>\n<p><a class=\"more-link btn\" href=\"https:\/\/aubertin.fr\/index.php\/vie-pratique\/lecole\/\">Lire la suite<\/a><\/p>\n","protected":false},"author":3,"featured_media":0,"parent":22,"menu_order":0,"comment_status":"closed","ping_status":"closed","template":"","meta":{"footnotes":""},"class_list":["post-90","page","type-page","status-publish","hentry","nodate","item-wrap"],"_links":{"self":[{"href":"https:\/\/aubertin.fr\/index.php\/wp-json\/wp\/v2\/pages\/90","targetHints":{"allow":["GET"]}}],"collection":[{"href":"https:\/\/aubertin.fr\/index.php\/wp-json\/wp\/v2\/pages"}],"about":[{"href":"https:\/\/aubertin.fr\/index.php\/wp-json\/wp\/v2\/types\/page"}],"author":[{"embeddable":true,"href":"https:\/\/aubertin.fr\/index.php\/wp-json\/wp\/v2\/users\/3"}],"replies":[{"embeddable":true,"href":"https:\/\/aubertin.fr\/index.php\/wp-json\/wp\/v2\/comments?post=90"}],"version-history":[{"count":22,"href":"https:\/\/aubertin.fr\/index.php\/wp-json\/wp\/v2\/pages\/90\/revisions"}],"predecessor-version":[{"id":1827,"href":"https:\/\/aubertin.fr\/index.php\/wp-json\/wp\/v2\/pages\/90\/revisions\/1827"}],"up":[{"embeddable":true,"href":"https:\/\/aubertin.fr\/index.php\/wp-json\/wp\/v2\/pages\/22"}],"wp:attachment":[{"href":"https:\/\/aubertin.fr\/index.php\/wp-json\/wp\/v2\/media?parent=90"}],"curies":[{"name":"wp","href":"https:\/\/api.w.org\/{rel}","templated":true}]}}